{"id":2425,"date":"2024-11-05T14:54:56","date_gmt":"2024-11-05T18:54:56","guid":{"rendered":"https:\/\/www.regalosparatuhogar.com\/?post_type=product&#038;p=2425"},"modified":"2024-11-05T14:55:10","modified_gmt":"2024-11-05T18:55:10","slug":"peine-electrico-antipulgas-para-perros-y-gatos","status":"publish","type":"product","link":"https:\/\/www.regalosparatuhogar.com\/?product=peine-electrico-antipulgas-para-perros-y-gatos","title":{"rendered":"Peine El\u00e9ctrico Antipulgas para Perros y Gatos"},"content":{"rendered":"<div class=\"kvgmc6g5 cxmmr5t8 oygrvhab hcukyx3x c1et5uql ii04i59q\">\n<div dir=\"auto\">\n<div class=\"cxmmr5t8 oygrvhab hcukyx3x c1et5uql o9v6fnle ii04i59q\">\n<div dir=\"auto\">Peine eliminador de pulgas y garrapatas, sin uso de quimicos ni venenos que pueden afectar la salud de su mascota.<\/div>\n<\/div>\n<div class=\"cxmmr5t8 oygrvhab hcukyx3x c1et5uql o9v6fnle ii04i59q\">\n<div dir=\"auto\">Pasando el peine 3 o 4 veces por semana por las \u00e1reas cr\u00edticas en donde pueden haber estos par\u00e1sitos, mantiene a su mascota limpia de estas molestas plagas.<\/p>\n<\/div>\n<\/div>\n<div class=\"cxmmr5t8 oygrvhab hcukyx3x c1et5uql o9v6fnle ii04i59q\">\n<div dir=\"auto\">Las pulgas son dolorosas para tu gato o perro.<\/p>\n<p>Cuando las pulgas pican, pueden causar una dermatitis por alergia a las pulgas, que causa picaz\u00f3n, haciendo que tu amigo peludo se rasque y muerda.<\/p>\n<p>Si est\u00e1 buscando una manera f\u00e1cil de deshacerse de las pulgas, tenemos una soluci\u00f3n simple. Este es un peine de pulgas el\u00e9ctrico que mata y aturde a las pulgas sin da\u00f1ar a tu mascota.<\/p>\n<p>El secreto es que este cepillo libera una ligera carga el\u00e9ctrica cuando pasas el peine por el pelaje de tu mascota. Encuentra las pulgas, las mata y elimina las pulgas muertas del abrigo de tu mascota.<\/p><\/div>\n<\/div>\n<\/div>\n<div dir=\"auto\"><\/div>\n<div dir=\"auto\"><\/div>\n<div dir=\"auto\"><strong>\u00bfC\u00d3MO FUNCIONA ?<\/strong><\/div>\n<div dir=\"auto\"><\/div>\n<div dir=\"auto\">Es un peine electr\u00f3nico seguro, efectivo, libre de qu\u00edmicos, garantizado para matar las pulgas en contacto.<\/div>\n<div dir=\"auto\"><\/div>\n<div dir=\"auto\">El secreto que hace que el peine sea tan poderoso es una tecnolog\u00eda patentada que penetra profundamente en el pelaje de sus mascotas y libera carga el\u00e9ctrica cuando entra en contacto con pulgas y garrapatas, por lo que garantiza matarlas al contacto y eliminarlas de su mascota.<\/div>\n<div dir=\"auto\"><\/div>\n<div dir=\"auto\">Todo lo que necesitas hacer es pasarlo por el pelo de tu perro y el peine libera una ligera carga electr\u00f3nica que los mata al instante. Despu\u00e9s de que mata las pulgas y las garrapatas, el peine recoge las pulgas muertas y un bot\u00f3n de expulsi\u00f3n le permite descartarlas con las manos libres.<\/div>\n<\/div>\n","protected":false},"excerpt":{"rendered":"<div class=\"wWOJcd\" tabindex=\"0\" role=\"button\" aria-controls=\"exacc_CoH5YurDNd6x5OUPxO6UkAI4\" aria-expanded=\"true\" aria-labelledby=\"exacc_CoH5YurDNd6x5OUPxO6UkAI1\">\n<div class=\"YsGUOb\"><\/div>\n<div class=\"r21Kzd\" data-hveid=\"CBUQAQ\" data-ved=\"2ahUKEwjq8KCKusf5AhXeGLkGHUQ3BSIQuk56BAgVEAE\"><\/div>\n<\/div>\n<div id=\"exacc_CoH5YurDNd6x5OUPxO6UkAI4\" class=\"MBtdbb\" data-ved=\"2ahUKEwjq8KCKusf5AhXeGLkGHUQ3BSIQ7NUEegQIFRAD\">\n<div class=\"ymu2Hb\">\n<div id=\"_CoH5YurDNd6x5OUPxO6UkAI31\" class=\"t0bRye r2fjmd\" data-hveid=\"CBUQBA\" data-ved=\"2ahUKEwjq8KCKusf5AhXeGLkGHUQ3BSIQu04oAHoECBUQBA\">\n<div id=\"CoH5YurDNd6x5OUPxO6UkAI__13\">\n<div class=\"wDYxhc\" data-md=\"61\">\n<div class=\"LGOjhe\" role=\"heading\" data-attrid=\"wa:\/description\" aria-level=\"3\" data-hveid=\"CAkQAA\"><span class=\"ILfuVd\" lang=\"es\"><span class=\"hgKElc\">Es un cepillo electr\u00f3nico seguro, efectivo y sin qu\u00edmicos que elimina las pulgas al instante. El secreto de <b>Flea Doctor<\/b> es su tecnolog\u00eda patentada que llega a las ra\u00edces del pelo de tu mascota y al entrar en contacto con pulgas, las elimina al instante sin causarle da\u00f1o a tu mascota.<\/span><\/span><\/div>\n<\/div>\n<\/div>\n<\/div>\n<\/div>\n<\/div>\n<p><iframe loading=\"lazy\" width=\"560\" height=\"315\" src=\"https:\/\/www.youtube.com\/embed\/JcyJO9odccU\" title=\"YouTube video player\" frameborder=\"0\" allow=\"accelerometer; autoplay; clipboard-write; encrypted-media; gyroscope; picture-in-picture\" allowfullscreen><\/iframe><\/p>\n","protected":false},"featured_media":190,"comment_status":"open","ping_status":"closed","template":"","meta":[],"product_brand":[],"product_cat":[81],"product_tag":[82,83,84,85,86,87,88],"class_list":{"0":"post-2425","1":"product","2":"type-product","3":"status-publish","4":"has-post-thumbnail","6":"product_cat-mascotas","7":"product_tag-garrapata","8":"product_tag-gato","9":"product_tag-gatos","10":"product_tag-insecticida","11":"product_tag-perro","12":"product_tag-perros","13":"product_tag-pulgas","15":"first","16":"instock","17":"taxable","18":"shipping-taxable","19":"purchasable","20":"product-type-simple"},"jetpack_sharing_enabled":true,"_links":{"self":[{"href":"https:\/\/www.regalosparatuhogar.com\/index.php?rest_route=\/wp\/v2\/product\/2425","targetHints":{"allow":["GET"]}}],"collection":[{"href":"https:\/\/www.regalosparatuhogar.com\/index.php?rest_route=\/wp\/v2\/product"}],"about":[{"href":"https:\/\/www.regalosparatuhogar.com\/index.php?rest_route=\/wp\/v2\/types\/product"}],"replies":[{"embeddable":true,"href":"https:\/\/www.regalosparatuhogar.com\/index.php?rest_route=%2Fwp%2Fv2%2Fcomments&post=2425"}],"wp:featuredmedia":[{"embeddable":true,"href":"https:\/\/www.regalosparatuhogar.com\/index.php?rest_route=\/wp\/v2\/media\/190"}],"wp:attachment":[{"href":"https:\/\/www.regalosparatuhogar.com\/index.php?rest_route=%2Fwp%2Fv2%2Fmedia&parent=2425"}],"wp:term":[{"taxonomy":"product_brand","embeddable":true,"href":"https:\/\/www.regalosparatuhogar.com\/index.php?rest_route=%2Fwp%2Fv2%2Fproduct_brand&post=2425"},{"taxonomy":"product_cat","embeddable":true,"href":"https:\/\/www.regalosparatuhogar.com\/index.php?rest_route=%2Fwp%2Fv2%2Fproduct_cat&post=2425"},{"taxonomy":"product_tag","embeddable":true,"href":"https:\/\/www.regalosparatuhogar.com\/index.php?rest_route=%2Fwp%2Fv2%2Fproduct_tag&post=2425"}],"curies":[{"name":"wp","href":"https:\/\/api.w.org\/{rel}","templated":true}]}}