{"id":2429,"date":"2024-11-05T14:54:57","date_gmt":"2024-11-05T18:54:57","guid":{"rendered":"https:\/\/www.regalosparatuhogar.com\/?post_type=product&#038;p=2429"},"modified":"2024-11-05T14:55:14","modified_gmt":"2024-11-05T18:55:14","slug":"mopa-spray","status":"publish","type":"product","link":"https:\/\/www.regalosparatuhogar.com\/?product=mopa-spray","title":{"rendered":"Mopa Spray"},"content":{"rendered":"<div class=\"kvgmc6g5 cxmmr5t8 oygrvhab hcukyx3x c1et5uql ii04i59q\">\n<div dir=\"auto\"><strong>Repasador de Microfibra con Spray incorporado<\/strong><\/div>\n<\/div>\n<div class=\"cxmmr5t8 oygrvhab hcukyx3x c1et5uql o9v6fnle ii04i59q\">\n<div dir=\"auto\">145 mil mas env\u00edo.<\/p>\n<\/div>\n<div dir=\"auto\">Pedidos e informes: <a class=\"oajrlxb2 g5ia77u1 qu0x051f esr5mh6w e9989ue4 r7d6kgcz rq0escxv nhd2j8a9 nc684nl6 p7hjln8o kvgmc6g5 cxmmr5t8 oygrvhab hcukyx3x jb3vyjys rz4wbd8a qt6c0cv9 a8nywdso i1ao9s8h esuyzwwr f1sip0of lzcic4wl gpro0wi8 py34i1dx\" tabindex=\"0\" role=\"link\" href=\"https:\/\/l.facebook.com\/l.php?u=https%3A%2F%2Fwa.me%2F595982228294%3Ffbclid%3DIwAR2y-YdfRJD_hn2lxsLYVFIV53C_tIPkJBA9yld8WwAc1l6eCX4gz3sWgF0&amp;h=AT2WDIl_ZtJs3-1XxCqksQoQojplLhrJQjUtyBaaaC5kwJPCu0hOmbX201BkUruEJQZ6KI44s4tRyRdMUPHmB14hngoijpZvjahNf0CjdoLxTa4cAHRi8-FOyvK0vsDZUGxaNCQ&amp;__tn__=-UK-R&amp;c[0]=AT2GAKqW-JqRP_uk_4qMif3LibTQ2AGDRMr4QL_Fi7G0FtQcUifWZMu187kRfeoICg1RL8JCGLUZGNTbDyfv_xtZumoGuG7cDnUCx2SMx5LwtZhOPUabXVPtVPuLtvPo5F9_bT8zIbxZe0K_1TZQ3ljkrA\" target=\"_blank\" rel=\"nofollow noopener\">https:\/\/wa.me\/595982228294<\/a><\/div>\n<\/div>\n<div class=\"cxmmr5t8 oygrvhab hcukyx3x c1et5uql o9v6fnle ii04i59q\">\n<div dir=\"auto\">\n<p>Mopa con Pulverizador, tiene un tanque de 300 ml para poner limpiador, limpia vidrios, desinfectante o alcohol.<\/p><\/div>\n<div dir=\"auto\">Ideal para la limpieza y desinfecci\u00f3n de pisos Laminados, Azulejo y de Madera. Ahorra tiempo y dinero.<\/p>\n<\/div>\n<\/div>\n<div class=\"cxmmr5t8 oygrvhab hcukyx3x c1et5uql o9v6fnle ii04i59q\">\n<div dir=\"auto\">Los repuestos de microfibra son universales (Les sirve cualquier repuesto de microfibra que se consigue con nosotros o en cualquier super de Paraguay), y se pueden lavar en lavadora de ropa.<\/div>\n<\/div>\n<div dir=\"auto\"><\/div>\n<div dir=\"auto\">\n<ul class=\"a-unordered-list a-vertical bundle-comp-bullets\">\n<li id=\"bundle-v2-btf-component-bullet-point-1-1\"><span class=\"a-list-item\">La microfibra limpia eficazmente con solo agua.<\/span><\/li>\n<li id=\"bundle-v2-btf-component-bullet-point-1-2\"><span class=\"a-list-item\">\ufe0f <strong>F\u00e1cil de usar<\/strong>: Con una botella rellenable incluida, esta trapeador con atomizador tiene un cuerpo ligero, por lo que usarlo no ser\u00e1 dif\u00edcil. Simplemente llena la botella con agua y dos cucharaditas de tu soluci\u00f3n de limpieza favorita y estar\u00e1s listo para trapear.<\/span><\/li>\n<li id=\"bundle-v2-btf-component-bullet-point-1-3\"><span class=\"a-list-item\">\ufe0f <strong>Limpieza profunda<\/strong>: El cabezal de microfibra potente del trapeador puede ayudarte a limpiar eficazmente la mayor\u00eda de las superficies y puede girar 360 grados, por lo que es f\u00e1cil limpiar espacios estrechos. Recoge hasta 50% m\u00e1s de suciedad y polvo por pasada que los trapeadores tradicionales.<\/span><\/li>\n<li id=\"bundle-v2-btf-component-bullet-point-1-4\"><span class=\"a-list-item\">\ufe0f<strong> Limpieza r\u00e1pida<\/strong>: El dise\u00f1o ergon\u00f3mico hace que limpiar sea f\u00e1cil y te cansas menos. Es una excelente elecci\u00f3n para la limpieza de hogares m\u00e1s grandes. Se beneficia de un cabezal para trapear en plano extra grande, y limpiar m\u00e1s espacio de suelo r\u00e1pido.<\/span><\/li>\n<li id=\"bundle-v2-btf-component-bullet-point-1-5\"><span class=\"a-list-item\">\ufe0f <strong>Uso dual en seco y h\u00famedo<\/strong>: Viene con 2 almohadillas para trapeador, puedes lavar la almohadilla en la lavadora para su pr\u00f3ximo uso. Funciona muy bien en casas, ba\u00f1os, cocinas, apartamentos, dormitorios, escuelas, oficinas, restaurantes, cocheras y s\u00f3tanos.<\/span><\/li>\n<li id=\"bundle-v2-btf-component-bullet-point-1-6\"><span class=\"a-list-item\">\ufe0f El kit incluye un mango largo \u00a0(1 unidad), Trapo en microfibra trapeador (1 unidad), una botella rellenable (1 unidad) y un rascador (1 unidad). Al final, descubrir\u00e1s que es un trapeador con atomizador asequible que hace un trabajo brillante.<\/span><\/li>\n<\/ul>\n<\/div>\n","protected":false},"excerpt":{"rendered":"<p>Disponible en color Verde, o Rojo o Azul (celeste).<\/p>\n<p>&nbsp;<\/p>\n<p><iframe loading=\"lazy\" title=\"YouTube video player\" src=\"https:\/\/www.youtube.com\/embed\/yYDY_WPDXKU\" width=\"560\" height=\"315\" frameborder=\"0\" allowfullscreen=\"allowfullscreen\"><\/iframe><\/p>\n","protected":false},"featured_media":234,"comment_status":"open","ping_status":"closed","template":"","meta":[],"product_brand":[],"product_cat":[21],"product_tag":[102,103,104,105,106,107,108],"class_list":{"0":"post-2429","1":"product","2":"type-product","3":"status-publish","4":"has-post-thumbnail","6":"product_cat-limpieza-y-aseo","7":"product_tag-aseo-eficiente","8":"product_tag-baldosa","9":"product_tag-limpiador","10":"product_tag-limpieza","11":"product_tag-microficha","12":"product_tag-pisos","13":"product_tag-repasador","15":"first","16":"instock","17":"taxable","18":"shipping-taxable","19":"purchasable","20":"product-type-simple"},"jetpack_sharing_enabled":true,"_links":{"self":[{"href":"https:\/\/www.regalosparatuhogar.com\/index.php?rest_route=\/wp\/v2\/product\/2429","targetHints":{"allow":["GET"]}}],"collection":[{"href":"https:\/\/www.regalosparatuhogar.com\/index.php?rest_route=\/wp\/v2\/product"}],"about":[{"href":"https:\/\/www.regalosparatuhogar.com\/index.php?rest_route=\/wp\/v2\/types\/product"}],"replies":[{"embeddable":true,"href":"https:\/\/www.regalosparatuhogar.com\/index.php?rest_route=%2Fwp%2Fv2%2Fcomments&post=2429"}],"wp:featuredmedia":[{"embeddable":true,"href":"https:\/\/www.regalosparatuhogar.com\/index.php?rest_route=\/wp\/v2\/media\/234"}],"wp:attachment":[{"href":"https:\/\/www.regalosparatuhogar.com\/index.php?rest_route=%2Fwp%2Fv2%2Fmedia&parent=2429"}],"wp:term":[{"taxonomy":"product_brand","embeddable":true,"href":"https:\/\/www.regalosparatuhogar.com\/index.php?rest_route=%2Fwp%2Fv2%2Fproduct_brand&post=2429"},{"taxonomy":"product_cat","embeddable":true,"href":"https:\/\/www.regalosparatuhogar.com\/index.php?rest_route=%2Fwp%2Fv2%2Fproduct_cat&post=2429"},{"taxonomy":"product_tag","embeddable":true,"href":"https:\/\/www.regalosparatuhogar.com\/index.php?rest_route=%2Fwp%2Fv2%2Fproduct_tag&post=2429"}],"curies":[{"name":"wp","href":"https:\/\/api.w.org\/{rel}","templated":true}]}}