{"id":2450,"date":"2024-11-05T14:55:22","date_gmt":"2024-11-05T18:55:22","guid":{"rendered":"https:\/\/www.regalosparatuhogar.com\/?post_type=product&#038;p=2450"},"modified":"2025-02-13T19:26:45","modified_gmt":"2025-02-13T23:26:45","slug":"pulidora-para-talones-y-callos","status":"publish","type":"product","link":"https:\/\/www.regalosparatuhogar.com\/?product=pulidora-para-talones-y-callos","title":{"rendered":"Pulidora para Talones y callos"},"content":{"rendered":"<p>&nbsp;<\/p>\n<p>Raspa los callos, y absorbe en un recept\u00e1culo los restos, para que no queden por ah\u00ed.<\/p>\n<p>Adi\u00f3s a los talones callosos y agrietados. Con esta pulidora los arregla en segundos.<\/p>\n<p>Tiene bater\u00eda o tambi\u00e9n alimentaci\u00f3n a un puerto USB, el cable est\u00e1 incluido.<\/p>\n<p>Tiene una piedra para debastar y otra para pulir.<\/p>\n","protected":false},"excerpt":{"rendered":"<p><iframe loading=\"lazy\" title=\"YouTube video player\" src=\"https:\/\/www.youtube.com\/embed\/iP8MjSvmPa8\" width=\"560\" height=\"315\" frameborder=\"0\" allowfullscreen=\"allowfullscreen\"><\/iframe><\/p>\n","protected":false},"featured_media":405,"comment_status":"open","ping_status":"closed","template":"","meta":[],"product_brand":[],"product_cat":[153,49],"product_tag":[202,203,204,205,206,207,208],"class_list":{"0":"post-2450","1":"product","2":"type-product","3":"status-publish","4":"has-post-thumbnail","6":"product_cat-juguetes-y-regalos-para-todas-las-edades","7":"product_cat-salud-y-belleza","8":"product_tag-callos","9":"product_tag-callos-agrietados","10":"product_tag-lija-para-callos","11":"product_tag-raspador","12":"product_tag-removedor-de-callos","13":"product_tag-talones-agrietados","14":"product_tag-talones-de-diabetico","16":"first","17":"instock","18":"taxable","19":"shipping-taxable","20":"purchasable","21":"product-type-simple"},"jetpack_sharing_enabled":true,"_links":{"self":[{"href":"https:\/\/www.regalosparatuhogar.com\/index.php?rest_route=\/wp\/v2\/product\/2450","targetHints":{"allow":["GET"]}}],"collection":[{"href":"https:\/\/www.regalosparatuhogar.com\/index.php?rest_route=\/wp\/v2\/product"}],"about":[{"href":"https:\/\/www.regalosparatuhogar.com\/index.php?rest_route=\/wp\/v2\/types\/product"}],"replies":[{"embeddable":true,"href":"https:\/\/www.regalosparatuhogar.com\/index.php?rest_route=%2Fwp%2Fv2%2Fcomments&post=2450"}],"wp:featuredmedia":[{"embeddable":true,"href":"https:\/\/www.regalosparatuhogar.com\/index.php?rest_route=\/wp\/v2\/media\/405"}],"wp:attachment":[{"href":"https:\/\/www.regalosparatuhogar.com\/index.php?rest_route=%2Fwp%2Fv2%2Fmedia&parent=2450"}],"wp:term":[{"taxonomy":"product_brand","embeddable":true,"href":"https:\/\/www.regalosparatuhogar.com\/index.php?rest_route=%2Fwp%2Fv2%2Fproduct_brand&post=2450"},{"taxonomy":"product_cat","embeddable":true,"href":"https:\/\/www.regalosparatuhogar.com\/index.php?rest_route=%2Fwp%2Fv2%2Fproduct_cat&post=2450"},{"taxonomy":"product_tag","embeddable":true,"href":"https:\/\/www.regalosparatuhogar.com\/index.php?rest_route=%2Fwp%2Fv2%2Fproduct_tag&post=2450"}],"curies":[{"name":"wp","href":"https:\/\/api.w.org\/{rel}","templated":true}]}}