{"id":2460,"date":"2024-11-05T14:55:24","date_gmt":"2024-11-05T18:55:24","guid":{"rendered":"https:\/\/www.regalosparatuhogar.com\/?post_type=product&#038;p=2460"},"modified":"2024-11-05T14:56:07","modified_gmt":"2024-11-05T18:56:07","slug":"lampara-europea-con-bateria-recargable","status":"publish","type":"product","link":"https:\/\/www.regalosparatuhogar.com\/?product=lampara-europea-con-bateria-recargable","title":{"rendered":"L\u00e1mpara Europea con Bater\u00eda recargable"},"content":{"rendered":"<p>Regalo Ideal<\/p>\n<p>90 mil guaran\u00edes mas env\u00edo.<\/p>\n<p>Whatsapp 0982228294<\/p>\n<p>L\u00e1mpara led para el escritorio, con brazo de 9 led triples, con 25 cent\u00edmetros de largo, y 28 cent\u00edmetros de alto. Su base es de 9 x 13 cm.<\/p>\n<p>Base firme y s\u00f3lida, tiene gran estilo. Tiene pesta\u00f1a para sostener un celular.<\/p>\n<p>Lo mejor: tiene bater\u00eda recargable, si se va la luz sigue funcionando como linterna hasta por 8 horas.<\/p>\n<p>Interruptor de seguridad y puerto de carga en la parte posterior, se enciende y apaga con un bot\u00f3n plano ubicado en su base.<\/p>\n<p>Algo muy especial: Adem\u00e1s de tener luces en modo dia y blanca, tiene luz &#8220;blue&#8221; especial para reducir el da\u00f1o causado por la luz azul. \u00a0Si quiere saber m\u00e1s sobre este tema, <a href=\"https:\/\/www.regalosparatuhogar.com\/?p=1937\">haga click aqui.<\/a><\/p>\n","protected":false},"excerpt":{"rendered":"<p><iframe loading=\"lazy\" title=\"YouTube video player\" src=\"https:\/\/www.youtube.com\/embed\/8GvzZ2aNpGk\" width=\"560\" height=\"315\" frameborder=\"0\" allowfullscreen=\"allowfullscreen\"><\/iframe><\/p>\n","protected":false},"featured_media":521,"comment_status":"open","ping_status":"closed","template":"","meta":[],"product_brand":[],"product_cat":[64,118,19,116,117,48,120],"product_tag":[221,245,184,247,152],"class_list":{"0":"post-2460","1":"product","2":"type-product","3":"status-publish","4":"has-post-thumbnail","6":"product_cat-confort","7":"product_cat-electronica","8":"product_cat-hogar","9":"product_cat-home-office-y-clases-virtuales","10":"product_cat-iluminacion","11":"product_cat-oficina","12":"product_cat-para-el-celular","13":"product_tag-aire","14":"product_tag-dia-del-padre","15":"product_tag-iluminacion","16":"product_tag-lampara","17":"product_tag-regalo","19":"first","20":"instock","21":"taxable","22":"shipping-taxable","23":"purchasable","24":"product-type-simple"},"jetpack_sharing_enabled":true,"_links":{"self":[{"href":"https:\/\/www.regalosparatuhogar.com\/index.php?rest_route=\/wp\/v2\/product\/2460","targetHints":{"allow":["GET"]}}],"collection":[{"href":"https:\/\/www.regalosparatuhogar.com\/index.php?rest_route=\/wp\/v2\/product"}],"about":[{"href":"https:\/\/www.regalosparatuhogar.com\/index.php?rest_route=\/wp\/v2\/types\/product"}],"replies":[{"embeddable":true,"href":"https:\/\/www.regalosparatuhogar.com\/index.php?rest_route=%2Fwp%2Fv2%2Fcomments&post=2460"}],"wp:featuredmedia":[{"embeddable":true,"href":"https:\/\/www.regalosparatuhogar.com\/index.php?rest_route=\/wp\/v2\/media\/521"}],"wp:attachment":[{"href":"https:\/\/www.regalosparatuhogar.com\/index.php?rest_route=%2Fwp%2Fv2%2Fmedia&parent=2460"}],"wp:term":[{"taxonomy":"product_brand","embeddable":true,"href":"https:\/\/www.regalosparatuhogar.com\/index.php?rest_route=%2Fwp%2Fv2%2Fproduct_brand&post=2460"},{"taxonomy":"product_cat","embeddable":true,"href":"https:\/\/www.regalosparatuhogar.com\/index.php?rest_route=%2Fwp%2Fv2%2Fproduct_cat&post=2460"},{"taxonomy":"product_tag","embeddable":true,"href":"https:\/\/www.regalosparatuhogar.com\/index.php?rest_route=%2Fwp%2Fv2%2Fproduct_tag&post=2460"}],"curies":[{"name":"wp","href":"https:\/\/api.w.org\/{rel}","templated":true}]}}