{"id":2476,"date":"2024-11-05T14:56:09","date_gmt":"2024-11-05T18:56:09","guid":{"rendered":"https:\/\/www.regalosparatuhogar.com\/?post_type=product&#038;p=2476"},"modified":"2024-11-05T14:56:29","modified_gmt":"2024-11-05T18:56:29","slug":"cepillo-autolimpiante-para-mascotas","status":"publish","type":"product","link":"https:\/\/www.regalosparatuhogar.com\/?product=cepillo-autolimpiante-para-mascotas","title":{"rendered":"Cepillo Autolimpiante para Mascotas"},"content":{"rendered":"<p>Cepillo autolimpiante para Mascotas<\/p>\n<p>60 mil guaranies mas env\u00edo<\/p>\n<p>Es un cepillo super pr\u00e1ctico, hecho con materiales s\u00f3lidos, antial\u00e9rgicos y no da\u00f1inos al medio ambiente, hecho para durar.<\/p>\n<p>Adem\u00e1s de desenredar y peinar suavemente a su mascota, al finalizar puede limpiarlo con solo presionar un bot\u00f3n.   Practicidad al m\u00e1ximo para beneficio de todos.<\/p>\n<p>Disponible en colores rosa o azul.<\/p>\n","protected":false},"excerpt":{"rendered":"<p>Cepillo autolimpiante<\/p>\n","protected":false},"featured_media":692,"comment_status":"open","ping_status":"closed","template":"","meta":[],"product_brand":[],"product_cat":[81,153],"product_tag":[198,199,99,330,331,332],"class_list":{"0":"post-2476","1":"product","2":"type-product","3":"status-publish","4":"has-post-thumbnail","6":"product_cat-mascotas","7":"product_cat-juguetes-y-regalos-para-todas-las-edades","8":"product_tag-cepillo","9":"product_tag-cepillo-autolimpiante","10":"product_tag-mascota","11":"product_tag-peinado-de-mascota","12":"product_tag-peinados","13":"product_tag-pelos-de-mascota","15":"first","16":"instock","17":"taxable","18":"shipping-taxable","19":"purchasable","20":"product-type-simple"},"jetpack_sharing_enabled":true,"_links":{"self":[{"href":"https:\/\/www.regalosparatuhogar.com\/index.php?rest_route=\/wp\/v2\/product\/2476","targetHints":{"allow":["GET"]}}],"collection":[{"href":"https:\/\/www.regalosparatuhogar.com\/index.php?rest_route=\/wp\/v2\/product"}],"about":[{"href":"https:\/\/www.regalosparatuhogar.com\/index.php?rest_route=\/wp\/v2\/types\/product"}],"replies":[{"embeddable":true,"href":"https:\/\/www.regalosparatuhogar.com\/index.php?rest_route=%2Fwp%2Fv2%2Fcomments&post=2476"}],"wp:featuredmedia":[{"embeddable":true,"href":"https:\/\/www.regalosparatuhogar.com\/index.php?rest_route=\/wp\/v2\/media\/692"}],"wp:attachment":[{"href":"https:\/\/www.regalosparatuhogar.com\/index.php?rest_route=%2Fwp%2Fv2%2Fmedia&parent=2476"}],"wp:term":[{"taxonomy":"product_brand","embeddable":true,"href":"https:\/\/www.regalosparatuhogar.com\/index.php?rest_route=%2Fwp%2Fv2%2Fproduct_brand&post=2476"},{"taxonomy":"product_cat","embeddable":true,"href":"https:\/\/www.regalosparatuhogar.com\/index.php?rest_route=%2Fwp%2Fv2%2Fproduct_cat&post=2476"},{"taxonomy":"product_tag","embeddable":true,"href":"https:\/\/www.regalosparatuhogar.com\/index.php?rest_route=%2Fwp%2Fv2%2Fproduct_tag&post=2476"}],"curies":[{"name":"wp","href":"https:\/\/api.w.org\/{rel}","templated":true}]}}