{"id":2486,"date":"2024-11-05T14:56:11","date_gmt":"2024-11-05T18:56:11","guid":{"rendered":"https:\/\/www.regalosparatuhogar.com\/?post_type=product&#038;p=2486"},"modified":"2024-11-05T14:57:01","modified_gmt":"2024-11-05T18:57:01","slug":"matamosquitos-recargable","status":"publish","type":"product","link":"https:\/\/www.regalosparatuhogar.com\/?product=matamosquitos-recargable","title":{"rendered":"Matamosquitos Recargable"},"content":{"rendered":"<p><strong>Descripci\u00f3n<\/strong><\/p>\n<p><strong>Caracter\u00edsticas<\/strong><\/p>\n<p>1. Mata insectos de interior eficiente y potente: con nanol\u00e1mparas de 2000 mAh, el eliminador de insectos puede atraer mosquitos, moscas, polillas y otros insectos.<\/p>\n<p>2.SEGURIDAD: Deje de exponer a su familia y a usted mismo a productos qu\u00edmicos nocivos. No m\u00e1s pesticidas ni aerosoles potencialmente da\u00f1inos.<\/p>\n<p>3. Dise\u00f1o de caja de mosquitos mejorado, puede agregar un agente atrapador de mosquitos en la trampa<\/p>\n<p>4.F\u00c1CIL DE INSTALAR: cuelgue el eliminador de insectos electr\u00f3nico para interiores fijando la cadena incluida al gancho en la parte superior de la unidad, o simplemente col\u00f3quelo sobre una superficie plana y resistente.<\/p>\n<p>5. Respetuoso con el medio ambiente: la rejilla met\u00e1lica de alto voltaje atrae y mata f\u00e1cilmente a los insectos, lo que mantiene su hogar ecol\u00f3gico.<\/p>\n<p>Especificaci\u00f3n<\/p>\n<p>Material: ABS+galvanoplastia<\/p>\n<p>M\u00e9todo de carga: carga USB<\/p>\n<p>Tama\u00f1o: 260x200x32mm<\/p>\n<p>Tiempo de carga: 1-3 horas<\/p>\n<p>Color: blanco, azul<\/p>\n<p>Capacidad de la bater\u00eda: 2000 mAh<\/p>\n<p>El paquete incluye<\/p>\n<p>1 eliminador de insectos electr\u00f3nico.<\/p>\n<p>1 l\u00ednea USB<\/p>\n","protected":false},"excerpt":{"rendered":"<p>Atrapa mosquitos port\u00e1til con l\u00e1mpara el\u00e9ctrica que elimina los mosquitos mediante descargas el\u00e9ctricas. Equipado con una bater\u00eda de 2000 mAh para una larga duraci\u00f3n, ideal para uso en interiores y exteriores. Disfruta de un ambiente libre de mosquitos en cualquier lugar y en cualquier momento con este dispositivo pr\u00e1ctico y eficiente.<\/p>\n","protected":false},"featured_media":817,"comment_status":"open","ping_status":"closed","template":"","meta":[],"product_brand":[],"product_cat":[20,64,128,48,155,153],"product_tag":[737,748,377,743,739,744,746,751,378,379,741,380,750,736,381,382,754,742,752,738,753,747,749,740,745],"class_list":{"0":"post-2486","1":"product","2":"type-product","3":"status-publish","4":"has-post-thumbnail","6":"product_cat-accesorios","7":"product_cat-confort","8":"product_cat-electrodomesticos","9":"product_cat-oficina","10":"product_cat-plantas-y-jardin","11":"product_cat-juguetes-y-regalos-para-todas-las-edades","12":"product_tag-control-de-insectos","13":"product_tag-control-de-plagas","14":"product_tag-cucarachas","15":"product_tag-dispositivo-anti-mosquitos","16":"product_tag-eliminador-de-mosquitos","17":"product_tag-exterminador-de-insectos","18":"product_tag-lampara-matamosquitos","19":"product_tag-lampara-uv-anti-insectos","20":"product_tag-mata-insectos","21":"product_tag-mata-moscas","22":"product_tag-mata-mosquitos","23":"product_tag-matamoscas","24":"product_tag-matamoscas-electrico","25":"product_tag-matamosquitos-electrico","26":"product_tag-mosquitos","27":"product_tag-polillas","28":"product_tag-producto-sin-quimicos","29":"product_tag-proteccion-contra-mosquitos","30":"product_tag-proteccion-para-exteriores","31":"product_tag-repelente-de-mosquitos","32":"product_tag-repelente-ecologico","33":"product_tag-seguridad-en-el-hogar","34":"product_tag-tecnologia-anti-mosquitos","35":"product_tag-trampa-de-insectos","36":"product_tag-trampa-electrica-de-mosquitos","38":"first","39":"instock","40":"taxable","41":"shipping-taxable","42":"purchasable","43":"product-type-simple"},"jetpack_sharing_enabled":true,"_links":{"self":[{"href":"https:\/\/www.regalosparatuhogar.com\/index.php?rest_route=\/wp\/v2\/product\/2486","targetHints":{"allow":["GET"]}}],"collection":[{"href":"https:\/\/www.regalosparatuhogar.com\/index.php?rest_route=\/wp\/v2\/product"}],"about":[{"href":"https:\/\/www.regalosparatuhogar.com\/index.php?rest_route=\/wp\/v2\/types\/product"}],"replies":[{"embeddable":true,"href":"https:\/\/www.regalosparatuhogar.com\/index.php?rest_route=%2Fwp%2Fv2%2Fcomments&post=2486"}],"wp:featuredmedia":[{"embeddable":true,"href":"https:\/\/www.regalosparatuhogar.com\/index.php?rest_route=\/wp\/v2\/media\/817"}],"wp:attachment":[{"href":"https:\/\/www.regalosparatuhogar.com\/index.php?rest_route=%2Fwp%2Fv2%2Fmedia&parent=2486"}],"wp:term":[{"taxonomy":"product_brand","embeddable":true,"href":"https:\/\/www.regalosparatuhogar.com\/index.php?rest_route=%2Fwp%2Fv2%2Fproduct_brand&post=2486"},{"taxonomy":"product_cat","embeddable":true,"href":"https:\/\/www.regalosparatuhogar.com\/index.php?rest_route=%2Fwp%2Fv2%2Fproduct_cat&post=2486"},{"taxonomy":"product_tag","embeddable":true,"href":"https:\/\/www.regalosparatuhogar.com\/index.php?rest_route=%2Fwp%2Fv2%2Fproduct_tag&post=2486"}],"curies":[{"name":"wp","href":"https:\/\/api.w.org\/{rel}","templated":true}]}}