{"id":2492,"date":"2024-11-05T14:56:48","date_gmt":"2024-11-05T18:56:48","guid":{"rendered":"https:\/\/www.regalosparatuhogar.com\/?post_type=product&#038;p=2492"},"modified":"2024-11-05T14:57:08","modified_gmt":"2024-11-05T18:57:08","slug":"olla-a-presion-inteligente","status":"publish","type":"product","link":"https:\/\/www.regalosparatuhogar.com\/?product=olla-a-presion-inteligente","title":{"rendered":"Olla a Presi\u00f3n Inteligente"},"content":{"rendered":"<p>Para utilizar la olla a presi\u00f3n de 6 litros, sigue estos pasos generales:<\/p>\n<p>1. Aseg\u00farate de que la olla est\u00e9 correctamente ensamblada y que la v\u00e1lvula de presi\u00f3n est\u00e9 en buenas condiciones.<\/p>\n<p>2. Agrega los alimentos y el l\u00edquido necesario seg\u00fan la receta que est\u00e9s siguiendo. No llenes la olla a presi\u00f3n por encima de su capacidad m\u00e1xima.<\/p>\n<p>3. Cierra la tapa de manera segura y aseg\u00farate de que est\u00e9 bien sellada.<\/p>\n<p>4. Selecciona y presiona el bot\u00f3n para cocinar los alimentos seg\u00fan cada uno. \u00a0La olla autom\u00e1ticamente ajusta la temperatura y el tiempo que se necesitar\u00e1.<\/p>\n<p>5. Una vez que la olla haya alcanzado la presi\u00f3n adecuada, comenzar\u00e1 a descontar el tiempo de cocci\u00f3n.<\/p>\n<p>6. Cuando la cocci\u00f3n haya terminado, la olla pasar\u00e1 a estado de reposo, en donde mantiene la comida tibia.<\/p>\n<p>7. Para abrir la olla, verificar que la presi\u00f3n ya se haya liberado. \u00a0Mantenga su cara y manos lejos de la olla al destapar, pues podr\u00eda salir vapor caliente.<\/p>\n<p>Recuerda siempre leer y seguir las instrucciones espec\u00edficas que vienen con tu olla a presi\u00f3n Sokany de 6 litros, ya que el proceso puede variar ligeramente de un modelo a otro. Si tienes dudas adicionales, estar\u00e9 encantado de ayudarte.<\/p>\n","protected":false},"excerpt":{"rendered":"<p>La olla a presi\u00f3n de 6 litros es un electrodom\u00e9stico de cocina dise\u00f1ado para hacer los alimentos de forma r\u00e1pida y eficiente.<\/p>\n<p>Este tipo de ollas funcionan sellando herm\u00e9ticamente para aumentar la presi\u00f3n y la temperatura, lo que ayuda a cocinar los alimentos m\u00e1s r\u00e1pido y a mantener los nutrientes. \u00a0 Con esta olla a presi\u00f3n robotizada, basta con poner los ingredientes, cerrar la tapa, seleccionar el ciclo de cocci\u00f3n, y listo!<\/p>\n<p>Es importante seguir las instrucciones de uso de la olla a presi\u00f3n para garantizar su correcto funcionamiento y seguridad. \u00a1Espero que esta descripci\u00f3n te sea \u00fatil! Si necesitas m\u00e1s informaci\u00f3n, no dudes en preguntar. \u00a0Mi whatsapp 0982228294<\/p>\n","protected":false},"featured_media":868,"comment_status":"open","ping_status":"closed","template":"","meta":[],"product_brand":[],"product_cat":[28,128],"product_tag":[411,412,413,414,415,416,417,418,419,420,421],"class_list":{"0":"post-2492","1":"product","2":"type-product","3":"status-publish","4":"has-post-thumbnail","6":"product_cat-cocina","7":"product_cat-electrodomesticos","8":"product_tag-ajiaco","9":"product_tag-asado-a-la-olla","10":"product_tag-changua","11":"product_tag-locrillo","12":"product_tag-locro","13":"product_tag-mondongo","14":"product_tag-olla","15":"product_tag-olla-a-presion","16":"product_tag-olla-pitadora","17":"product_tag-osobuco","18":"product_tag-poroto","20":"first","21":"instock","22":"taxable","23":"shipping-taxable","24":"purchasable","25":"product-type-simple"},"jetpack_sharing_enabled":true,"_links":{"self":[{"href":"https:\/\/www.regalosparatuhogar.com\/index.php?rest_route=\/wp\/v2\/product\/2492","targetHints":{"allow":["GET"]}}],"collection":[{"href":"https:\/\/www.regalosparatuhogar.com\/index.php?rest_route=\/wp\/v2\/product"}],"about":[{"href":"https:\/\/www.regalosparatuhogar.com\/index.php?rest_route=\/wp\/v2\/types\/product"}],"replies":[{"embeddable":true,"href":"https:\/\/www.regalosparatuhogar.com\/index.php?rest_route=%2Fwp%2Fv2%2Fcomments&post=2492"}],"wp:featuredmedia":[{"embeddable":true,"href":"https:\/\/www.regalosparatuhogar.com\/index.php?rest_route=\/wp\/v2\/media\/868"}],"wp:attachment":[{"href":"https:\/\/www.regalosparatuhogar.com\/index.php?rest_route=%2Fwp%2Fv2%2Fmedia&parent=2492"}],"wp:term":[{"taxonomy":"product_brand","embeddable":true,"href":"https:\/\/www.regalosparatuhogar.com\/index.php?rest_route=%2Fwp%2Fv2%2Fproduct_brand&post=2492"},{"taxonomy":"product_cat","embeddable":true,"href":"https:\/\/www.regalosparatuhogar.com\/index.php?rest_route=%2Fwp%2Fv2%2Fproduct_cat&post=2492"},{"taxonomy":"product_tag","embeddable":true,"href":"https:\/\/www.regalosparatuhogar.com\/index.php?rest_route=%2Fwp%2Fv2%2Fproduct_tag&post=2492"}],"curies":[{"name":"wp","href":"https:\/\/api.w.org\/{rel}","templated":true}]}}