{"id":2511,"date":"2024-11-05T14:57:13","date_gmt":"2024-11-05T18:57:13","guid":{"rendered":"https:\/\/www.regalosparatuhogar.com\/?post_type=product&#038;p=2511"},"modified":"2024-11-05T14:57:32","modified_gmt":"2024-11-05T18:57:32","slug":"destapador-de-canerias-con-aire-a-presion","status":"publish","type":"product","link":"https:\/\/www.regalosparatuhogar.com\/?product=destapador-de-canerias-con-aire-a-presion","title":{"rendered":"Destapador de Ca\u00f1er\u00edas con Aire a Presi\u00f3n"},"content":{"rendered":"<p><strong>Destapador de Ca\u00f1er\u00edas con Aire a Presi\u00f3n<\/strong><\/p>\n<p>145 mil guaran\u00edes mas env\u00edo<\/p>\n<p>whatsapp 0982228294<\/p>\n<p>&nbsp;<\/p>\n<p><strong>Caracter\u00edsticas:<\/strong><\/p>\n<p><strong>[F\u00c1CIL DE USAR]<\/strong> El desatascador de desag\u00fces utiliza el poder del aire comprimido a alta presi\u00f3n para eliminar las obstrucciones m\u00e1s dif\u00edciles (con agua) en sus desag\u00fces en solo segundos. F\u00e1cil de bombear el desatascador y apretar el gatillo para despejar la tuber\u00eda obstruida.<\/p>\n<p><strong>[4 ventosas tipo]<\/strong> Cuatro ventosas diferentes pueden hacer frente a varios bloqueos en el inodoro, la ba\u00f1era, el fregadero y el desag\u00fce del suelo, que fueron causados \u200b\u200bpor todo tipo de basura como pelo, tela, t\u00e9, hojas, grasa, suciedad de aceite, etc. en.<\/p>\n<p><strong>[SIN DA\u00d1OS QU\u00cdMICOS]<\/strong> Evite el uso de productos qu\u00edmicos nocivos que puedan corroer sus tuber\u00edas o poner en peligro a su familia. Es reutilizable y puede durar a\u00f1os.<\/p>\n<p><strong>[CUERPO ABS + VENTAJAS DE GOMA]<\/strong> El material ABS exhibe resistencia al impacto, resistencia estructural y rigidez. El material de caucho natural es ecol\u00f3gico, resistente y duradero para un uso prolongado. Adem\u00e1s, es f\u00e1cil de limpiar.<\/p>\n<p><strong>Especificaciones:<\/strong><\/p>\n<p><strong>Material:<\/strong> cuerpo de pistola ABS, cabeza bloqueada de goma<\/p>\n<p>Color azul<\/p>\n<p><strong>Dimensiones:<\/strong> 27,5 cm x 28 cm x 9,5 cm \/ 10,8\u2033 x 11\u2033 x 3,7\u2033<\/p>\n<p>Tama\u00f1o de la cabeza bloqueada (Di\u00e1m.): 5 cm \/ 6,5 cm \/ 11 cm \/ 11,5 cm<\/p>\n<p>Peso: 1.88 libras<\/p>\n<p><strong>Instrucciones:<\/strong><\/p>\n<p>-Instalar el tap\u00f3n adecuado seg\u00fan el tama\u00f1o del di\u00e1metro de la tuber\u00eda.<\/p>\n<p>-Bombee la bomba manual unas 10-20 veces, hasta que no pueda bombear al aire para obtener gas a alta presi\u00f3n.<\/p>\n<p>-Bloquear la salida del tubo, hacer que se selle; Apriete el gatillo para liberar el gas a alta presi\u00f3n. (podr\u00eda repetirlo hasta dragar la tuber\u00eda).<\/p>\n<p>&nbsp;<\/p>\n<p><img loading=\"lazy\" decoding=\"async\" class=\"alignnone size-full wp-image-664\" src=\"http:\/\/www.regalosparatuhogar.com\/wp-content\/uploads\/2022\/07\/image-9.png\" alt=\"\" width=\"664\" height=\"662\" \/><\/p>\n","protected":false},"excerpt":{"rendered":"<p>Destapaca\u00f1os poderoso sin utilizar qu\u00edmicos ni elementos que da\u00f1an el medio ambiente o las personas.<\/p>\n<p>Un impulso de aire lanzado con la superpistola destapa cualquier ca\u00f1er\u00eda empujando o disolviendo la obstrucci\u00f3n.<\/p>\n<p>Viene con diferentes tapones para ajustarse a todas las medidas de ca\u00f1er\u00eda.<\/p>\n","protected":false},"featured_media":994,"comment_status":"open","ping_status":"closed","template":"","meta":[],"product_brand":[],"product_cat":[20],"product_tag":[497,498,499,500],"class_list":{"0":"post-2511","1":"product","2":"type-product","3":"status-publish","4":"has-post-thumbnail","6":"product_cat-accesorios","7":"product_tag-caneria","8":"product_tag-destapacanos","9":"product_tag-obstruccion-de-caneria","10":"product_tag-soda-caustica","12":"first","13":"instock","14":"taxable","15":"shipping-taxable","16":"purchasable","17":"product-type-simple"},"jetpack_sharing_enabled":true,"_links":{"self":[{"href":"https:\/\/www.regalosparatuhogar.com\/index.php?rest_route=\/wp\/v2\/product\/2511","targetHints":{"allow":["GET"]}}],"collection":[{"href":"https:\/\/www.regalosparatuhogar.com\/index.php?rest_route=\/wp\/v2\/product"}],"about":[{"href":"https:\/\/www.regalosparatuhogar.com\/index.php?rest_route=\/wp\/v2\/types\/product"}],"replies":[{"embeddable":true,"href":"https:\/\/www.regalosparatuhogar.com\/index.php?rest_route=%2Fwp%2Fv2%2Fcomments&post=2511"}],"wp:featuredmedia":[{"embeddable":true,"href":"https:\/\/www.regalosparatuhogar.com\/index.php?rest_route=\/wp\/v2\/media\/994"}],"wp:attachment":[{"href":"https:\/\/www.regalosparatuhogar.com\/index.php?rest_route=%2Fwp%2Fv2%2Fmedia&parent=2511"}],"wp:term":[{"taxonomy":"product_brand","embeddable":true,"href":"https:\/\/www.regalosparatuhogar.com\/index.php?rest_route=%2Fwp%2Fv2%2Fproduct_brand&post=2511"},{"taxonomy":"product_cat","embeddable":true,"href":"https:\/\/www.regalosparatuhogar.com\/index.php?rest_route=%2Fwp%2Fv2%2Fproduct_cat&post=2511"},{"taxonomy":"product_tag","embeddable":true,"href":"https:\/\/www.regalosparatuhogar.com\/index.php?rest_route=%2Fwp%2Fv2%2Fproduct_tag&post=2511"}],"curies":[{"name":"wp","href":"https:\/\/api.w.org\/{rel}","templated":true}]}}