{"id":2514,"date":"2024-11-05T14:57:14","date_gmt":"2024-11-05T18:57:14","guid":{"rendered":"https:\/\/www.regalosparatuhogar.com\/?post_type=product&#038;p=2514"},"modified":"2024-11-05T14:57:36","modified_gmt":"2024-11-05T18:57:36","slug":"dispensador-electrico-de-jabon-detergente-etc","status":"publish","type":"product","link":"https:\/\/www.regalosparatuhogar.com\/?product=dispensador-electrico-de-jabon-detergente-etc","title":{"rendered":"Dispensador El\u00e9ctrico de Jab\u00f3n, Detergente, etc"},"content":{"rendered":"<div class=\"kvgmc6g5 cxmmr5t8 oygrvhab hcukyx3x c1et5uql ii04i59q\">\n<div dir=\"auto\">La Soluci\u00f3n M\u00e1s econ\u00f3mica para su empresa, hogar o instituci\u00f3n.<\/div>\n<div dir=\"auto\"><\/div>\n<div dir=\"auto\">EL MISMO QUE VE EN LA TELE<\/div>\n<\/div>\n<div class=\"cxmmr5t8 oygrvhab hcukyx3x c1et5uql o9v6fnle ii04i59q\">\n<div dir=\"auto\"><\/div>\n<div dir=\"auto\">Dispensador el\u00e9ctrico de jab\u00f3n, detergente, etc.<\/div>\n<div dir=\"auto\">129 mil guaran\u00edes (incluye bater\u00edas y env\u00edo a cualquier lugar de Paraguay)<\/div>\n<\/div>\n<div class=\"cxmmr5t8 oygrvhab hcukyx3x c1et5uql o9v6fnle ii04i59q\">\n<div dir=\"auto\"><\/div>\n<div dir=\"auto\">Whatsapp 0982228294<\/div>\n<\/div>\n<div dir=\"auto\"><\/div>\n<div class=\"cxmmr5t8 oygrvhab hcukyx3x c1et5uql o9v6fnle ii04i59q\">\n<div dir=\"auto\">Pr\u00e1ctico e higi\u00e9nico dispensador de detergente o jab\u00f3n.<\/div>\n<div dir=\"auto\">Suministra siempre la cantidad exacta y suficiente.<\/div>\n<div dir=\"auto\">Con sensor infrarrojo<\/div>\n<div dir=\"auto\">Inal\u00e1mbrico (con opci\u00f3n de poner adaptador DC).<\/div>\n<\/div>\n<div class=\"cxmmr5t8 oygrvhab hcukyx3x c1et5uql o9v6fnle ii04i59q\">\n<div dir=\"auto\">Nadie lo toca! reduce la transferencia de virus por contacto en ba\u00f1os y lugares concurridos.<\/div>\n<\/div>\n<div class=\"cxmmr5t8 oygrvhab hcukyx3x c1et5uql o9v6fnle ii04i59q\">\n<div dir=\"auto\">Economiza suministrando siempre una cantidad suficiente para cada uso, evitando desperdicios.<\/div>\n<\/div>\n<div class=\"cxmmr5t8 oygrvhab hcukyx3x c1et5uql o9v6fnle ii04i59q\">\n<div dir=\"auto\">\u00datil en la cocina, el ba\u00f1o, la oficina, el quincho, la pileta, el camping, y donde m\u00e1s lo necesite.<\/div>\n<\/div>\n<div class=\"cxmmr5t8 oygrvhab hcukyx3x c1et5uql o9v6fnle ii04i59q\">\n<div dir=\"auto\">Conveniente envase de 400 ml, hace 200 suministros, muy f\u00e1cil de cargar con el jab\u00f3n o detergente de su elecci\u00f3n.<\/div>\n<\/div>\n<div class=\"cxmmr5t8 oygrvhab hcukyx3x c1et5uql o9v6fnle ii04i59q\">\n<div dir=\"auto\">Incluye 4 bater\u00edas AAAA, suficientes para 5000 o m\u00e1s suministros.<\/div>\n<\/div>\n","protected":false},"excerpt":{"rendered":"<div dir=\"auto\">Dispensador el\u00e9ctrico de jab\u00f3n, detergente, etc.<\/div>\n<div dir=\"auto\">129 mil guaran\u00edes (incluye bater\u00edas).<\/p>\n<p>Env\u00edo a cualquier lugar de Paraguay.<\/p><\/div>\n","protected":false},"featured_media":1043,"comment_status":"open","ping_status":"closed","template":"","meta":[],"product_brand":[],"product_cat":[21],"product_tag":[509,350,510],"class_list":{"0":"post-2514","1":"product","2":"type-product","3":"status-publish","4":"has-post-thumbnail","6":"product_cat-limpieza-y-aseo","7":"product_tag-detergente","8":"product_tag-dispensador","9":"product_tag-jabon","11":"first","12":"instock","13":"taxable","14":"shipping-taxable","15":"purchasable","16":"product-type-simple"},"jetpack_sharing_enabled":true,"_links":{"self":[{"href":"https:\/\/www.regalosparatuhogar.com\/index.php?rest_route=\/wp\/v2\/product\/2514","targetHints":{"allow":["GET"]}}],"collection":[{"href":"https:\/\/www.regalosparatuhogar.com\/index.php?rest_route=\/wp\/v2\/product"}],"about":[{"href":"https:\/\/www.regalosparatuhogar.com\/index.php?rest_route=\/wp\/v2\/types\/product"}],"replies":[{"embeddable":true,"href":"https:\/\/www.regalosparatuhogar.com\/index.php?rest_route=%2Fwp%2Fv2%2Fcomments&post=2514"}],"wp:featuredmedia":[{"embeddable":true,"href":"https:\/\/www.regalosparatuhogar.com\/index.php?rest_route=\/wp\/v2\/media\/1043"}],"wp:attachment":[{"href":"https:\/\/www.regalosparatuhogar.com\/index.php?rest_route=%2Fwp%2Fv2%2Fmedia&parent=2514"}],"wp:term":[{"taxonomy":"product_brand","embeddable":true,"href":"https:\/\/www.regalosparatuhogar.com\/index.php?rest_route=%2Fwp%2Fv2%2Fproduct_brand&post=2514"},{"taxonomy":"product_cat","embeddable":true,"href":"https:\/\/www.regalosparatuhogar.com\/index.php?rest_route=%2Fwp%2Fv2%2Fproduct_cat&post=2514"},{"taxonomy":"product_tag","embeddable":true,"href":"https:\/\/www.regalosparatuhogar.com\/index.php?rest_route=%2Fwp%2Fv2%2Fproduct_tag&post=2514"}],"curies":[{"name":"wp","href":"https:\/\/api.w.org\/{rel}","templated":true}]}}