{"id":2529,"date":"2024-11-05T14:57:38","date_gmt":"2024-11-05T18:57:38","guid":{"rendered":"https:\/\/www.regalosparatuhogar.com\/?post_type=product&#038;p=2529"},"modified":"2024-11-05T14:58:14","modified_gmt":"2024-11-05T18:58:14","slug":"tapas-de-silicona","status":"publish","type":"product","link":"https:\/\/www.regalosparatuhogar.com\/?product=tapas-de-silicona","title":{"rendered":"Tapas de Silicona"},"content":{"rendered":"<div class=\"kvgmc6g5 cxmmr5t8 oygrvhab hcukyx3x c1et5uql ii04i59q\">\n<div dir=\"auto\">No mas desperdicio de papel film<\/div>\n<\/div>\n<div class=\"cxmmr5t8 oygrvhab hcukyx3x c1et5uql o9v6fnle ii04i59q\">\n<div dir=\"auto\">Juego de 6 tapas de silicona para todo tipo de recipiente<\/div>\n<div dir=\"auto\">65 mil guaran\u00edes<\/div>\n<div dir=\"auto\">RECIBIMOS TODAS LAS FORMAS DE PAGO<\/div>\n<\/div>\n<div class=\"cxmmr5t8 oygrvhab hcukyx3x c1et5uql o9v6fnle ii04i59q\">\n<div dir=\"auto\">Informes y pedidos: <a class=\"oajrlxb2 g5ia77u1 qu0x051f esr5mh6w e9989ue4 r7d6kgcz rq0escxv nhd2j8a9 nc684nl6 p7hjln8o kvgmc6g5 cxmmr5t8 oygrvhab hcukyx3x jb3vyjys rz4wbd8a qt6c0cv9 a8nywdso i1ao9s8h esuyzwwr f1sip0of lzcic4wl gpro0wi8 py34i1dx\" tabindex=\"0\" role=\"link\" href=\"https:\/\/wa.me\/595982228294?fbclid=IwAR2y9e0CtZq_tzdGx9_JFLZYQCVEtJD7DCsom-3ajWRXcPb34afAsdHt0wc\" target=\"_blank\" rel=\"nofollow noopener\">https:\/\/wa.me\/595982228294<\/a><\/div>\n<\/div>\n<div class=\"cxmmr5t8 oygrvhab hcukyx3x c1et5uql o9v6fnle ii04i59q\">\n<div dir=\"auto\">Tapas de silicona resistentes al fr\u00edo hasta -30\u00baC, y al calor hasta 230\u00baC, sirven para proteger todo tipo de alimentos en su recipiente en forma herm\u00e9tica y segura.<\/div>\n<\/div>\n<div class=\"cxmmr5t8 oygrvhab hcukyx3x c1et5uql o9v6fnle ii04i59q\">\n<div dir=\"auto\">Son reutilizables, de modo que te ahorrar\u00e1s millones en papel film o bolsas.<\/div>\n<\/div>\n","protected":false},"excerpt":{"rendered":"<div class=\"kvgmc6g5 cxmmr5t8 oygrvhab hcukyx3x c1et5uql ii04i59q\">\n<div dir=\"auto\">No mas desperdicio de papel film<\/div>\n<\/div>\n<div class=\"cxmmr5t8 oygrvhab hcukyx3x c1et5uql o9v6fnle ii04i59q\">\n<div dir=\"auto\">Juego de 6 tapas de silicona para todo tipo de recipiente<\/div>\n<div dir=\"auto\">65 mil guaran\u00edes<\/div>\n<div dir=\"auto\">RECIBIMOS TODAS LAS FORMAS DE PAGO<\/div>\n<\/div>\n<div class=\"cxmmr5t8 oygrvhab hcukyx3x c1et5uql o9v6fnle ii04i59q\">\n<div dir=\"auto\">Informes y pedidos: <a class=\"oajrlxb2 g5ia77u1 qu0x051f esr5mh6w e9989ue4 r7d6kgcz rq0escxv nhd2j8a9 nc684nl6 p7hjln8o kvgmc6g5 cxmmr5t8 oygrvhab hcukyx3x jb3vyjys rz4wbd8a qt6c0cv9 a8nywdso i1ao9s8h esuyzwwr f1sip0of lzcic4wl gpro0wi8 py34i1dx\" tabindex=\"0\" role=\"link\" href=\"https:\/\/wa.me\/595982228294?fbclid=IwAR2y9e0CtZq_tzdGx9_JFLZYQCVEtJD7DCsom-3ajWRXcPb34afAsdHt0wc\" target=\"_blank\" rel=\"nofollow noopener\">https:\/\/wa.me\/595982228294<\/a><\/div>\n<\/div>\n<div class=\"cxmmr5t8 oygrvhab hcukyx3x c1et5uql o9v6fnle ii04i59q\">\n<div dir=\"auto\">Tapas de silicona resistentes al fr\u00edo hasta -30\u00baC, y al calor hasta 230\u00baC, sirven para proteger todo tipo de alimentos en su recipiente en forma herm\u00e9tica y segura.<\/div>\n<\/div>\n<div class=\"cxmmr5t8 oygrvhab hcukyx3x c1et5uql o9v6fnle ii04i59q\">\n<div dir=\"auto\">Son reutilizables, de modo que te ahorrar\u00e1s millones en papel film o bolsas.<\/p>\n<div class=\"co8aDb\" role=\"heading\" aria-level=\"3\"><b>Las tapas de silicona vienen en seis tama\u00f1os distintos seg\u00fan su di\u00e1metro:<\/b><\/div>\n<div class=\"RqBzHd\">\n<ul class=\"i8Z77e\">\n<li class=\"TrT0Xe\">6,5 cm.<\/li>\n<li class=\"TrT0Xe\">9,5 cm.<\/li>\n<li class=\"TrT0Xe\">11 cm.<\/li>\n<li class=\"TrT0Xe\">14 cm.<\/li>\n<li class=\"TrT0Xe\">16 cm.<\/li>\n<li class=\"TrT0Xe\">20 cent\u00edmetros.<\/li>\n<\/ul>\n<\/div>\n<\/div>\n<\/div>\n","protected":false},"featured_media":1176,"comment_status":"open","ping_status":"closed","template":"","meta":[],"product_brand":[],"product_cat":[28,19],"product_tag":[308,353,549,550,551],"class_list":{"0":"post-2529","1":"product","2":"type-product","3":"status-publish","4":"has-post-thumbnail","6":"product_cat-cocina","7":"product_cat-hogar","8":"product_tag-conservar-alimentos","9":"product_tag-papel-film","10":"product_tag-silicona","11":"product_tag-tapar","12":"product_tag-tapas-de-silicona","14":"first","15":"instock","16":"taxable","17":"shipping-taxable","18":"purchasable","19":"product-type-simple"},"jetpack_sharing_enabled":true,"_links":{"self":[{"href":"https:\/\/www.regalosparatuhogar.com\/index.php?rest_route=\/wp\/v2\/product\/2529","targetHints":{"allow":["GET"]}}],"collection":[{"href":"https:\/\/www.regalosparatuhogar.com\/index.php?rest_route=\/wp\/v2\/product"}],"about":[{"href":"https:\/\/www.regalosparatuhogar.com\/index.php?rest_route=\/wp\/v2\/types\/product"}],"replies":[{"embeddable":true,"href":"https:\/\/www.regalosparatuhogar.com\/index.php?rest_route=%2Fwp%2Fv2%2Fcomments&post=2529"}],"wp:featuredmedia":[{"embeddable":true,"href":"https:\/\/www.regalosparatuhogar.com\/index.php?rest_route=\/wp\/v2\/media\/1176"}],"wp:attachment":[{"href":"https:\/\/www.regalosparatuhogar.com\/index.php?rest_route=%2Fwp%2Fv2%2Fmedia&parent=2529"}],"wp:term":[{"taxonomy":"product_brand","embeddable":true,"href":"https:\/\/www.regalosparatuhogar.com\/index.php?rest_route=%2Fwp%2Fv2%2Fproduct_brand&post=2529"},{"taxonomy":"product_cat","embeddable":true,"href":"https:\/\/www.regalosparatuhogar.com\/index.php?rest_route=%2Fwp%2Fv2%2Fproduct_cat&post=2529"},{"taxonomy":"product_tag","embeddable":true,"href":"https:\/\/www.regalosparatuhogar.com\/index.php?rest_route=%2Fwp%2Fv2%2Fproduct_tag&post=2529"}],"curies":[{"name":"wp","href":"https:\/\/api.w.org\/{rel}","templated":true}]}}