{"id":2564,"date":"2024-11-05T14:58:33","date_gmt":"2024-11-05T18:58:33","guid":{"rendered":"https:\/\/www.regalosparatuhogar.com\/?post_type=product&#038;p=2564"},"modified":"2025-05-29T10:31:39","modified_gmt":"2025-05-29T14:31:39","slug":"jabonera-espaciosa-organizadora-para-el-bano","status":"publish","type":"product","link":"https:\/\/www.regalosparatuhogar.com\/?product=jabonera-espaciosa-organizadora-para-el-bano","title":{"rendered":"Jabonera espaciosa organizadora para el ba\u00f1o"},"content":{"rendered":"<p>Jabonera espaciosa. Permite poner un jab\u00f3n grande, o uno de tama\u00f1o normal mas otro, o una esponja o accesorios.<\/p>\n","protected":false},"excerpt":{"rendered":"<p>Jabonera espaciosa, Jabonera de Aplique<\/p>\n<p>45 mil guaran\u00edes mas env\u00edo<\/p>\n<p>F\u00e1cil de instalar.<\/p>\n<p>Pr\u00e1ctica<\/p>\n<p>Organizadora<\/p>\n","protected":false},"featured_media":1473,"comment_status":"open","ping_status":"closed","template":"","meta":[],"product_brand":[],"product_cat":[20,643,21,72],"product_tag":[510,595,644],"class_list":{"0":"post-2564","1":"product","2":"type-product","3":"status-publish","4":"has-post-thumbnail","6":"product_cat-accesorios","7":"product_cat-bano","8":"product_cat-limpieza-y-aseo","9":"product_cat-organizadores","10":"product_tag-jabon","11":"product_tag-jabonera","12":"product_tag-organizador-para-bano","14":"first","15":"instock","16":"taxable","17":"shipping-taxable","18":"purchasable","19":"product-type-simple"},"jetpack_sharing_enabled":true,"_links":{"self":[{"href":"https:\/\/www.regalosparatuhogar.com\/index.php?rest_route=\/wp\/v2\/product\/2564","targetHints":{"allow":["GET"]}}],"collection":[{"href":"https:\/\/www.regalosparatuhogar.com\/index.php?rest_route=\/wp\/v2\/product"}],"about":[{"href":"https:\/\/www.regalosparatuhogar.com\/index.php?rest_route=\/wp\/v2\/types\/product"}],"replies":[{"embeddable":true,"href":"https:\/\/www.regalosparatuhogar.com\/index.php?rest_route=%2Fwp%2Fv2%2Fcomments&post=2564"}],"wp:featuredmedia":[{"embeddable":true,"href":"https:\/\/www.regalosparatuhogar.com\/index.php?rest_route=\/wp\/v2\/media\/1473"}],"wp:attachment":[{"href":"https:\/\/www.regalosparatuhogar.com\/index.php?rest_route=%2Fwp%2Fv2%2Fmedia&parent=2564"}],"wp:term":[{"taxonomy":"product_brand","embeddable":true,"href":"https:\/\/www.regalosparatuhogar.com\/index.php?rest_route=%2Fwp%2Fv2%2Fproduct_brand&post=2564"},{"taxonomy":"product_cat","embeddable":true,"href":"https:\/\/www.regalosparatuhogar.com\/index.php?rest_route=%2Fwp%2Fv2%2Fproduct_cat&post=2564"},{"taxonomy":"product_tag","embeddable":true,"href":"https:\/\/www.regalosparatuhogar.com\/index.php?rest_route=%2Fwp%2Fv2%2Fproduct_tag&post=2564"}],"curies":[{"name":"wp","href":"https:\/\/api.w.org\/{rel}","templated":true}]}}