{"id":2590,"date":"2024-11-05T14:59:01","date_gmt":"2024-11-05T18:59:01","guid":{"rendered":"https:\/\/www.regalosparatuhogar.com\/?post_type=product&#038;p=2590"},"modified":"2025-05-28T21:05:42","modified_gmt":"2025-05-29T01:05:42","slug":"escurridor-de-platos-en-acero-inoxidable","status":"publish","type":"product","link":"https:\/\/www.regalosparatuhogar.com\/?product=escurridor-de-platos-en-acero-inoxidable","title":{"rendered":"Escurridor de Platos en Acero Inoxidable"},"content":{"rendered":"<p>El escurridor de platos es un accesorio de cocina fabricado en acero resistente, dise\u00f1ado para organizar y secar eficientemente una vajilla completa para unas 6 personas. Este modelo incluye un compartimento lateral para vasos, ideal para mantenerlos en posici\u00f3n segura mientras se secan, y otro compartimento en el lado opuesto para cubiertos, permitiendo un flujo de aire adecuado para un secado r\u00e1pido. Su dise\u00f1o compacto y elegante lo convierte en una soluci\u00f3n pr\u00e1ctica para cualquier cocina, optimizando el espacio y facilitando el orden diario.<\/p>\n<p>Sus medidas:<\/p>\n<p><img loading=\"lazy\" decoding=\"async\" class=\"wp-image-1689 alignleft\" src=\"https:\/\/www.regalosparatuhogar.com\/wp-content\/uploads\/2024\/10\/Escurridor-de-Acero-6.jpg\" alt=\"\" width=\"374\" height=\"361\" srcset=\"https:\/\/www.regalosparatuhogar.com\/wp-content\/uploads\/2024\/10\/Escurridor-de-Acero-6.jpg 750w, https:\/\/www.regalosparatuhogar.com\/wp-content\/uploads\/2024\/10\/Escurridor-de-Acero-6-600x578.jpg 600w, https:\/\/www.regalosparatuhogar.com\/wp-content\/uploads\/2024\/10\/Escurridor-de-Acero-6-300x289.jpg 300w, https:\/\/www.regalosparatuhogar.com\/wp-content\/uploads\/2024\/10\/Escurridor-de-Acero-6-48x46.jpg 48w\" sizes=\"auto, (max-width: 374px) 100vw, 374px\" \/><\/p>\n","protected":false},"excerpt":{"rendered":"<p>Escurridor para Vajilla de 6 personas, con escurridor de vasos a un lado, y escurridor de cubiertos al otro. Bandeja colectora de agua y soportes seguros.<\/p>\n<p>Ideal para tu casa, o para regalo. Pregunta por la opci\u00f3n de empaque para regalo, y as\u00ed lo enviamos a tu domicilio.<\/p>\n","protected":false},"featured_media":1700,"comment_status":"open","ping_status":"closed","template":"","meta":[],"product_brand":[],"product_cat":[28,1566,153],"product_tag":[704,698,705,707,700,699,696,706,709,710,702,697,708,703,701],"class_list":{"0":"post-2590","1":"product","2":"type-product","3":"status-publish","4":"has-post-thumbnail","6":"product_cat-cocina","7":"product_cat-escurridores","8":"product_cat-juguetes-y-regalos-para-todas-las-edades","9":"product_tag-accesorio-de-cocina","10":"product_tag-capacidad-para-6-personas","11":"product_tag-escurridor-compacto","12":"product_tag-escurridor-con-diseno-moderno","13":"product_tag-escurridor-con-porta-cubiertos","14":"product_tag-escurridor-con-porta-vasos","15":"product_tag-escurridor-de-acero","16":"product_tag-escurridor-elegante","17":"product_tag-escurridor-funcional","18":"product_tag-escurridor-multiuso","19":"product_tag-escurridor-resistente","20":"product_tag-organizador-de-platos","21":"product_tag-organizador-de-vajilla","22":"product_tag-secado-eficiente-de-vajilla","23":"product_tag-secaplatos-de-acero","25":"first","26":"instock","27":"sale","28":"taxable","29":"shipping-taxable","30":"purchasable","31":"product-type-simple"},"jetpack_sharing_enabled":true,"_links":{"self":[{"href":"https:\/\/www.regalosparatuhogar.com\/index.php?rest_route=\/wp\/v2\/product\/2590","targetHints":{"allow":["GET"]}}],"collection":[{"href":"https:\/\/www.regalosparatuhogar.com\/index.php?rest_route=\/wp\/v2\/product"}],"about":[{"href":"https:\/\/www.regalosparatuhogar.com\/index.php?rest_route=\/wp\/v2\/types\/product"}],"replies":[{"embeddable":true,"href":"https:\/\/www.regalosparatuhogar.com\/index.php?rest_route=%2Fwp%2Fv2%2Fcomments&post=2590"}],"wp:featuredmedia":[{"embeddable":true,"href":"https:\/\/www.regalosparatuhogar.com\/index.php?rest_route=\/wp\/v2\/media\/1700"}],"wp:attachment":[{"href":"https:\/\/www.regalosparatuhogar.com\/index.php?rest_route=%2Fwp%2Fv2%2Fmedia&parent=2590"}],"wp:term":[{"taxonomy":"product_brand","embeddable":true,"href":"https:\/\/www.regalosparatuhogar.com\/index.php?rest_route=%2Fwp%2Fv2%2Fproduct_brand&post=2590"},{"taxonomy":"product_cat","embeddable":true,"href":"https:\/\/www.regalosparatuhogar.com\/index.php?rest_route=%2Fwp%2Fv2%2Fproduct_cat&post=2590"},{"taxonomy":"product_tag","embeddable":true,"href":"https:\/\/www.regalosparatuhogar.com\/index.php?rest_route=%2Fwp%2Fv2%2Fproduct_tag&post=2590"}],"curies":[{"name":"wp","href":"https:\/\/api.w.org\/{rel}","templated":true}]}}