{"id":2602,"date":"2024-11-08T12:47:33","date_gmt":"2024-11-08T16:47:33","guid":{"rendered":"https:\/\/www.regalosparatuhogar.com\/?post_type=product&#038;p=2602"},"modified":"2025-05-28T21:01:52","modified_gmt":"2025-05-29T01:01:52","slug":"2602","status":"publish","type":"product","link":"https:\/\/www.regalosparatuhogar.com\/?product=2602","title":{"rendered":"Escurridor de Platos Elegante de 2 niveles Ref. 12"},"content":{"rendered":"<p>-Organizador Vers\u00e1til y funcional puede almacenar varios tama\u00f1os de utensilios. Incluyendo platos, cuencos, cuchillo, tabla de cortar y cubierta de olla, detergente, palillos, cuchara y tenedor, y frutas y verduras, etc.<\/p>\n<p>-Almacenamiento efectivo y limpieza de su cocina. El dise\u00f1o sobre el fregadero te ayuda a aprovechar al m\u00e1ximo espacio sobre el fregadero y ahorra mucho m\u00e1s espacio en la cocina.<\/p>\n<p>-Material de acero inoxidable 304 de alta calidad que garantiza una durabilidad duradera y f\u00e1cil de limpiar. Y la capa a prueba de \u00f3xido mantiene su tendedero de platos alejado de la oxidaci\u00f3n durante mucho tiempo.<\/p>\n<p><img loading=\"lazy\" decoding=\"async\" class=\"alignnone wp-image-2604\" src=\"https:\/\/www.regalosparatuhogar.com\/wp-content\/uploads\/2024\/11\/D_NQ_NP_728774-MLC49501788566_032022-O.webp\" alt=\"\" width=\"302\" height=\"198\" srcset=\"https:\/\/www.regalosparatuhogar.com\/wp-content\/uploads\/2024\/11\/D_NQ_NP_728774-MLC49501788566_032022-O.webp 500w, https:\/\/www.regalosparatuhogar.com\/wp-content\/uploads\/2024\/11\/D_NQ_NP_728774-MLC49501788566_032022-O-300x197.webp 300w, https:\/\/www.regalosparatuhogar.com\/wp-content\/uploads\/2024\/11\/D_NQ_NP_728774-MLC49501788566_032022-O-48x31.webp 48w\" sizes=\"auto, (max-width: 302px) 100vw, 302px\" \/> <img loading=\"lazy\" decoding=\"async\" class=\"alignnone wp-image-2605\" src=\"https:\/\/www.regalosparatuhogar.com\/wp-content\/uploads\/2024\/11\/D_NQ_NP_749993-MLC49501809398_032022-O.webp\" alt=\"\" width=\"238\" height=\"192\" srcset=\"https:\/\/www.regalosparatuhogar.com\/wp-content\/uploads\/2024\/11\/D_NQ_NP_749993-MLC49501809398_032022-O.webp 500w, https:\/\/www.regalosparatuhogar.com\/wp-content\/uploads\/2024\/11\/D_NQ_NP_749993-MLC49501809398_032022-O-300x242.webp 300w, https:\/\/www.regalosparatuhogar.com\/wp-content\/uploads\/2024\/11\/D_NQ_NP_749993-MLC49501809398_032022-O-48x39.webp 48w\" sizes=\"auto, (max-width: 238px) 100vw, 238px\" \/> <img loading=\"lazy\" decoding=\"async\" class=\"alignnone wp-image-2606\" src=\"https:\/\/www.regalosparatuhogar.com\/wp-content\/uploads\/2024\/11\/D_NQ_NP_949835-MLC49501818335_032022-O.webp\" alt=\"\" width=\"235\" height=\"203\" srcset=\"https:\/\/www.regalosparatuhogar.com\/wp-content\/uploads\/2024\/11\/D_NQ_NP_949835-MLC49501818335_032022-O.webp 500w, https:\/\/www.regalosparatuhogar.com\/wp-content\/uploads\/2024\/11\/D_NQ_NP_949835-MLC49501818335_032022-O-300x259.webp 300w, https:\/\/www.regalosparatuhogar.com\/wp-content\/uploads\/2024\/11\/D_NQ_NP_949835-MLC49501818335_032022-O-48x41.webp 48w\" sizes=\"auto, (max-width: 235px) 100vw, 235px\" \/> <img loading=\"lazy\" decoding=\"async\" class=\"alignnone wp-image-2607\" src=\"https:\/\/www.regalosparatuhogar.com\/wp-content\/uploads\/2024\/11\/D_NQ_NP_875294-MLC49501764636_032022-O.webp\" alt=\"\" width=\"251\" height=\"175\" srcset=\"https:\/\/www.regalosparatuhogar.com\/wp-content\/uploads\/2024\/11\/D_NQ_NP_875294-MLC49501764636_032022-O.webp 500w, https:\/\/www.regalosparatuhogar.com\/wp-content\/uploads\/2024\/11\/D_NQ_NP_875294-MLC49501764636_032022-O-300x209.webp 300w, https:\/\/www.regalosparatuhogar.com\/wp-content\/uploads\/2024\/11\/D_NQ_NP_875294-MLC49501764636_032022-O-48x34.webp 48w\" sizes=\"auto, (max-width: 251px) 100vw, 251px\" \/> <img loading=\"lazy\" decoding=\"async\" class=\"alignnone wp-image-2608\" src=\"https:\/\/www.regalosparatuhogar.com\/wp-content\/uploads\/2024\/11\/D_NQ_NP_984621-MLC49501814339_032022-O.webp\" alt=\"\" width=\"263\" height=\"263\" srcset=\"https:\/\/www.regalosparatuhogar.com\/wp-content\/uploads\/2024\/11\/D_NQ_NP_984621-MLC49501814339_032022-O.webp 500w, https:\/\/www.regalosparatuhogar.com\/wp-content\/uploads\/2024\/11\/D_NQ_NP_984621-MLC49501814339_032022-O-300x300.webp 300w, https:\/\/www.regalosparatuhogar.com\/wp-content\/uploads\/2024\/11\/D_NQ_NP_984621-MLC49501814339_032022-O-100x100.webp 100w, https:\/\/www.regalosparatuhogar.com\/wp-content\/uploads\/2024\/11\/D_NQ_NP_984621-MLC49501814339_032022-O-150x150.webp 150w, https:\/\/www.regalosparatuhogar.com\/wp-content\/uploads\/2024\/11\/D_NQ_NP_984621-MLC49501814339_032022-O-48x48.webp 48w\" sizes=\"auto, (max-width: 263px) 100vw, 263px\" \/> <img loading=\"lazy\" decoding=\"async\" class=\"alignnone wp-image-2609\" src=\"https:\/\/www.regalosparatuhogar.com\/wp-content\/uploads\/2024\/11\/D_NQ_NP_990807-MLC49501748709_032022-O.webp\" alt=\"\" width=\"304\" height=\"264\" srcset=\"https:\/\/www.regalosparatuhogar.com\/wp-content\/uploads\/2024\/11\/D_NQ_NP_990807-MLC49501748709_032022-O.webp 500w, https:\/\/www.regalosparatuhogar.com\/wp-content\/uploads\/2024\/11\/D_NQ_NP_990807-MLC49501748709_032022-O-300x260.webp 300w, https:\/\/www.regalosparatuhogar.com\/wp-content\/uploads\/2024\/11\/D_NQ_NP_990807-MLC49501748709_032022-O-48x42.webp 48w\" sizes=\"auto, (max-width: 304px) 100vw, 304px\" \/><\/p>\n","protected":false},"excerpt":{"rendered":"<p>Escurridor de platos en madera s\u00faper resistente y acero inoxidable 304, con dise\u00f1o elegante y duradero. Perfecto para mantener tu vajilla organizada y seca, con estilo, elegancia y resistencia.<\/p>\n","protected":false},"featured_media":2705,"comment_status":"open","ping_status":"closed","template":"","meta":[],"product_brand":[],"product_cat":[128,1566,19,21,72,153],"product_tag":[1054,1060,1059,1057,1052,1058,1053,1061,1055,1056],"class_list":{"0":"post-2602","1":"product","2":"type-product","3":"status-publish","4":"has-post-thumbnail","6":"product_cat-electrodomesticos","7":"product_cat-escurridores","8":"product_cat-hogar","9":"product_cat-limpieza-y-aseo","10":"product_cat-organizadores","11":"product_cat-juguetes-y-regalos-para-todas-las-edades","12":"product_tag-acero-inoxidable-304","13":"product_tag-calidad-premium","14":"product_tag-cocina-elegante","15":"product_tag-durabilidad","16":"product_tag-escurridor-de-platos","17":"product_tag-estilo-moderno","18":"product_tag-madera-y-acero","19":"product_tag-organizacion-hogar","20":"product_tag-organizador-de-cocina","21":"product_tag-seca-platos","23":"first","24":"instock","25":"sale","26":"taxable","27":"shipping-taxable","28":"purchasable","29":"product-type-simple"},"jetpack_sharing_enabled":true,"_links":{"self":[{"href":"https:\/\/www.regalosparatuhogar.com\/index.php?rest_route=\/wp\/v2\/product\/2602","targetHints":{"allow":["GET"]}}],"collection":[{"href":"https:\/\/www.regalosparatuhogar.com\/index.php?rest_route=\/wp\/v2\/product"}],"about":[{"href":"https:\/\/www.regalosparatuhogar.com\/index.php?rest_route=\/wp\/v2\/types\/product"}],"replies":[{"embeddable":true,"href":"https:\/\/www.regalosparatuhogar.com\/index.php?rest_route=%2Fwp%2Fv2%2Fcomments&post=2602"}],"wp:featuredmedia":[{"embeddable":true,"href":"https:\/\/www.regalosparatuhogar.com\/index.php?rest_route=\/wp\/v2\/media\/2705"}],"wp:attachment":[{"href":"https:\/\/www.regalosparatuhogar.com\/index.php?rest_route=%2Fwp%2Fv2%2Fmedia&parent=2602"}],"wp:term":[{"taxonomy":"product_brand","embeddable":true,"href":"https:\/\/www.regalosparatuhogar.com\/index.php?rest_route=%2Fwp%2Fv2%2Fproduct_brand&post=2602"},{"taxonomy":"product_cat","embeddable":true,"href":"https:\/\/www.regalosparatuhogar.com\/index.php?rest_route=%2Fwp%2Fv2%2Fproduct_cat&post=2602"},{"taxonomy":"product_tag","embeddable":true,"href":"https:\/\/www.regalosparatuhogar.com\/index.php?rest_route=%2Fwp%2Fv2%2Fproduct_tag&post=2602"}],"curies":[{"name":"wp","href":"https:\/\/api.w.org\/{rel}","templated":true}]}}