{"id":3495,"date":"2025-06-11T20:33:13","date_gmt":"2025-06-12T00:33:13","guid":{"rendered":"https:\/\/www.regalosparatuhogar.com\/?post_type=product&#038;p=3495"},"modified":"2025-06-12T20:25:34","modified_gmt":"2025-06-13T00:25:34","slug":"kit-de-herramientas-39-piezas","status":"publish","type":"product","link":"https:\/\/www.regalosparatuhogar.com\/?product=kit-de-herramientas-39-piezas","title":{"rendered":"Kit de Herramientas 39 Piezas  \u00a1Imprescindible para Moto y Auto! Compacto, Completo y Port\u00e1til"},"content":{"rendered":"<p data-start=\"476\" data-end=\"673\"><strong data-start=\"121\" data-end=\"179\">Kit de herramientas 39 piezas<\/strong><\/p>\n<p data-start=\"476\" data-end=\"673\">Este pr\u00e1ctico kit de herramientas es ideal tanto para trabajos dom\u00e9sticos como profesionales. Compacto, resistente y bien organizado, te permite enfrentar una gran variedad de tareas con comodidad.<\/p>\n<h4 data-start=\"675\" data-end=\"707\">Caracter\u00edsticas destacadas:<\/h4>\n<ul data-start=\"708\" data-end=\"885\">\n<li data-start=\"708\" data-end=\"768\">\n<p data-start=\"710\" data-end=\"768\"><strong data-start=\"710\" data-end=\"722\">Vers\u00e1til<\/strong>: perfecto para trabajos livianos y exigentes.<\/p>\n<\/li>\n<li data-start=\"769\" data-end=\"822\">\n<p data-start=\"771\" data-end=\"822\"><strong data-start=\"771\" data-end=\"783\">Duradero<\/strong>: fabricado con materiales resistentes.<\/p>\n<\/li>\n<li data-start=\"823\" data-end=\"885\">\n<p data-start=\"825\" data-end=\"885\"><strong data-start=\"825\" data-end=\"837\">Port\u00e1til<\/strong>: incluye malet\u00edn organizador r\u00edgido y compacto.<\/p>\n<\/li>\n<\/ul>\n<h4 data-start=\"887\" data-end=\"910\">Contenido del set:<\/h4>\n<ul data-start=\"911\" data-end=\"1139\">\n<li data-start=\"911\" data-end=\"940\">\n<p data-start=\"913\" data-end=\"940\">1 llave cricket (trinquete)<\/p>\n<\/li>\n<li data-start=\"941\" data-end=\"960\">\n<p data-start=\"943\" data-end=\"960\">1 mango giratorio<\/p>\n<\/li>\n<li data-start=\"961\" data-end=\"997\">\n<p data-start=\"963\" data-end=\"997\">1 destornillador adaptable a dados<\/p>\n<\/li>\n<li data-start=\"998\" data-end=\"1018\">\n<p data-start=\"1000\" data-end=\"1018\">1 barra extensible<\/p>\n<\/li>\n<li data-start=\"1019\" data-end=\"1044\">\n<p data-start=\"1021\" data-end=\"1044\">1 adaptador 1\/4\u2033 x 3\/8\u2033<\/p>\n<\/li>\n<li data-start=\"1045\" data-end=\"1073\">\n<p data-start=\"1047\" data-end=\"1073\">1 rollo de cinta de tefl\u00f3n<\/p>\n<\/li>\n<li data-start=\"1074\" data-end=\"1139\">\n<p data-start=\"1076\" data-end=\"1139\">34 dados: combinaci\u00f3n de medidas m\u00e9tricas (mm) y SAE (pulgadas)<\/p>\n<\/li>\n<\/ul>\n","protected":false},"excerpt":{"rendered":"<p><strong data-start=\"121\" data-end=\"179\">Kit de herramientas 39 piezas \u2013 Ideal para moto o auto<\/strong><br data-start=\"179\" data-end=\"182\" \/>Pr\u00e1ctico, compacto y f\u00e1cil de transportar. Incluye dados m\u00e9tricos y en pulgadas, llave trinquete, adaptadores y m\u00e1s. Perfecto para mantenimiento o emergencias en el camino.<\/p>\n","protected":false},"featured_media":3507,"comment_status":"open","ping_status":"closed","template":"","meta":[],"product_brand":[],"product_cat":[153,1271,22],"product_tag":[],"class_list":{"0":"post-3495","1":"product","2":"type-product","3":"status-publish","4":"has-post-thumbnail","6":"product_cat-juguetes-y-regalos-para-todas-las-edades","7":"product_cat-herramientas","8":"product_cat-todo-para-tu-auto","10":"first","11":"instock","12":"sale","13":"taxable","14":"shipping-taxable","15":"purchasable","16":"product-type-simple"},"jetpack_sharing_enabled":true,"_links":{"self":[{"href":"https:\/\/www.regalosparatuhogar.com\/index.php?rest_route=\/wp\/v2\/product\/3495","targetHints":{"allow":["GET"]}}],"collection":[{"href":"https:\/\/www.regalosparatuhogar.com\/index.php?rest_route=\/wp\/v2\/product"}],"about":[{"href":"https:\/\/www.regalosparatuhogar.com\/index.php?rest_route=\/wp\/v2\/types\/product"}],"replies":[{"embeddable":true,"href":"https:\/\/www.regalosparatuhogar.com\/index.php?rest_route=%2Fwp%2Fv2%2Fcomments&post=3495"}],"wp:featuredmedia":[{"embeddable":true,"href":"https:\/\/www.regalosparatuhogar.com\/index.php?rest_route=\/wp\/v2\/media\/3507"}],"wp:attachment":[{"href":"https:\/\/www.regalosparatuhogar.com\/index.php?rest_route=%2Fwp%2Fv2%2Fmedia&parent=3495"}],"wp:term":[{"taxonomy":"product_brand","embeddable":true,"href":"https:\/\/www.regalosparatuhogar.com\/index.php?rest_route=%2Fwp%2Fv2%2Fproduct_brand&post=3495"},{"taxonomy":"product_cat","embeddable":true,"href":"https:\/\/www.regalosparatuhogar.com\/index.php?rest_route=%2Fwp%2Fv2%2Fproduct_cat&post=3495"},{"taxonomy":"product_tag","embeddable":true,"href":"https:\/\/www.regalosparatuhogar.com\/index.php?rest_route=%2Fwp%2Fv2%2Fproduct_tag&post=3495"}],"curies":[{"name":"wp","href":"https:\/\/api.w.org\/{rel}","templated":true}]}}