{"id":3598,"date":"2025-06-25T19:43:30","date_gmt":"2025-06-25T23:43:30","guid":{"rendered":"https:\/\/www.regalosparatuhogar.com\/?post_type=product&#038;p=3598"},"modified":"2025-06-25T19:44:49","modified_gmt":"2025-06-25T23:44:49","slug":"toallero-autoadhesivo-circular","status":"publish","type":"product","link":"https:\/\/www.regalosparatuhogar.com\/?product=toallero-autoadhesivo-circular","title":{"rendered":"Toallero Autoadhesivo Circular"},"content":{"rendered":"<h3 data-start=\"82\" data-end=\"144\"> Toallero Autoadhesivo Circular \u2013 Blanco (Modelo SF1084)<\/h3>\n<p data-start=\"146\" data-end=\"437\"><strong data-start=\"146\" data-end=\"202\">\u00a1Organiza tu ba\u00f1o sin perforaciones ni herramientas!<\/strong><br data-start=\"202\" data-end=\"205\" \/>Este pr\u00e1ctico toallero autoadhesivo es perfecto para mantener tus toallas siempre a mano. Su dise\u00f1o circular y minimalista combina con cualquier estilo de ba\u00f1o, mientras que su sistema de instalaci\u00f3n sin tornillos cuida tus paredes.<\/p>\n<hr data-start=\"439\" data-end=\"442\" \/>\n<p data-start=\"444\" data-end=\"467\"><strong data-start=\"444\" data-end=\"467\"> Caracter\u00edsticas:<\/strong><\/p>\n<ul data-start=\"468\" data-end=\"890\">\n<li data-start=\"468\" data-end=\"490\">\n<p data-start=\"470\" data-end=\"490\"><strong data-start=\"470\" data-end=\"481\">Modelo:<\/strong> SF1084<\/p>\n<\/li>\n<li data-start=\"491\" data-end=\"512\">\n<p data-start=\"493\" data-end=\"512\"><strong data-start=\"493\" data-end=\"503\">Color:<\/strong> Blanco<\/p>\n<\/li>\n<li data-start=\"513\" data-end=\"566\">\n<p data-start=\"515\" data-end=\"566\"><strong data-start=\"515\" data-end=\"528\">Material:<\/strong> Pl\u00e1stico resistente de alta calidad<\/p>\n<\/li>\n<li data-start=\"567\" data-end=\"601\">\n<p data-start=\"569\" data-end=\"601\"><strong data-start=\"569\" data-end=\"581\">Medidas:<\/strong> 164 x 58 x 200 mm<\/p>\n<\/li>\n<li data-start=\"602\" data-end=\"651\">\n<p data-start=\"604\" data-end=\"651\"><strong data-start=\"604\" data-end=\"617\">Fijaci\u00f3n:<\/strong> Autoadhesiva, sin perforaciones<\/p>\n<\/li>\n<li data-start=\"652\" data-end=\"777\">\n<p data-start=\"654\" data-end=\"777\"><strong data-start=\"654\" data-end=\"677\">Instalaci\u00f3n r\u00e1pida:<\/strong> Solo despega y pega sobre superficies lisas como cer\u00e1mica, vidrio, m\u00e1rmol, metal o madera lacada.<\/p>\n<\/li>\n<li data-start=\"778\" data-end=\"890\">\n<p data-start=\"780\" data-end=\"890\"><strong data-start=\"780\" data-end=\"795\">Ideal para:<\/strong> Ba\u00f1os, cocinas, lavaderos o cualquier espacio que necesite organizaci\u00f3n sin da\u00f1ar las paredes.<\/p>\n<\/li>\n<\/ul>\n<hr data-start=\"892\" data-end=\"895\" \/>\n<p data-start=\"897\" data-end=\"923\"><strong data-start=\"897\" data-end=\"923\"> El paquete incluye:<\/strong><\/p>\n<ul data-start=\"924\" data-end=\"958\">\n<li data-start=\"924\" data-end=\"958\">\n<p data-start=\"926\" data-end=\"958\">1 Toallero autoadhesivo circular<\/p>\n<\/li>\n<\/ul>\n","protected":false},"excerpt":{"rendered":"<article class=\"text-token-text-primary w-full\" dir=\"auto\" data-testid=\"conversation-turn-10\" data-scroll-anchor=\"true\">\n<div class=\"text-base my-auto mx-auto py-5 [--thread-content-margin:--spacing(4)] @[37rem]:[--thread-content-margin:--spacing(6)] @[72rem]:[--thread-content-margin:--spacing(16)] px-(--thread-content-margin)\">\n<div class=\"[--thread-content-max-width:32rem] @[34rem]:[--thread-content-max-width:40rem] @[64rem]:[--thread-content-max-width:48rem] mx-auto flex max-w-(--thread-content-max-width) flex-1 text-base gap-4 md:gap-5 lg:gap-6 group\/turn-messages focus-visible:outline-hidden\" tabindex=\"-1\">\n<div class=\"group\/conversation-turn relative flex w-full min-w-0 flex-col agent-turn\">\n<div class=\"relative flex-col gap-1 md:gap-3\">\n<div class=\"flex max-w-full flex-col grow\">\n<div class=\"min-h-8 text-message relative flex w-full flex-col items-end gap-2 text-start break-words whitespace-normal [.text-message+&amp;]:mt-5\" dir=\"auto\" data-message-author-role=\"assistant\" data-message-id=\"dafc6257-e005-472f-bfaa-018d92739291\" data-message-model-slug=\"gpt-4o\">\n<div class=\"flex w-full flex-col gap-1 empty:hidden first:pt-[3px]\">\n<div class=\"markdown prose dark:prose-invert w-full break-words light\">\n<p data-start=\"0\" data-end=\"174\" data-is-last-node=\"\" data-is-only-node=\"\"><strong data-start=\"0\" data-end=\"174\" data-is-last-node=\"\" data-is-only-node=\"\">Toallero autoadhesivo circular en color blanco, ideal para colgar toallas sin necesidad de perforar. F\u00e1cil instalaci\u00f3n en superficies lisas. Pr\u00e1ctico, moderno y duradero.<\/strong><\/p>\n<\/div>\n<\/div>\n<\/div>\n<\/div>\n<\/div>\n<div class=\"absolute\">\n<div class=\"flex items-center justify-center\"><\/div>\n<\/div>\n<\/div>\n<\/div>\n<\/div>\n<\/article>\n<div class=\"pointer-events-none h-px w-px\" aria-hidden=\"true\" data-edge=\"true\"><\/div>\n","protected":false},"featured_media":3600,"comment_status":"open","ping_status":"closed","template":"","meta":[],"product_brand":[],"product_cat":[643,1698],"product_tag":[1705,1710,1716,1719,1699,1713,1715,1712,1718,1714,1720,1717],"class_list":{"0":"post-3598","1":"product","2":"type-product","3":"status-publish","4":"has-post-thumbnail","6":"product_cat-bano","7":"product_cat-ubathlife","8":"product_tag-accesorio-de-bano","9":"product_tag-bano-ordenado","10":"product_tag-bano-sin-perforaciones","11":"product_tag-instalacion-sin-herramientas","12":"product_tag-organizador-de-bano","13":"product_tag-porta-toallas-sin-taladro","14":"product_tag-soporte-para-toallas","15":"product_tag-toallero-autoadhesivo","16":"product_tag-toallero-blanco","17":"product_tag-toallero-circular","18":"product_tag-toallero-moderno","19":"product_tag-toallero-plastico","21":"first","22":"instock","23":"taxable","24":"shipping-taxable","25":"purchasable","26":"product-type-simple"},"jetpack_sharing_enabled":true,"_links":{"self":[{"href":"https:\/\/www.regalosparatuhogar.com\/index.php?rest_route=\/wp\/v2\/product\/3598","targetHints":{"allow":["GET"]}}],"collection":[{"href":"https:\/\/www.regalosparatuhogar.com\/index.php?rest_route=\/wp\/v2\/product"}],"about":[{"href":"https:\/\/www.regalosparatuhogar.com\/index.php?rest_route=\/wp\/v2\/types\/product"}],"replies":[{"embeddable":true,"href":"https:\/\/www.regalosparatuhogar.com\/index.php?rest_route=%2Fwp%2Fv2%2Fcomments&post=3598"}],"wp:featuredmedia":[{"embeddable":true,"href":"https:\/\/www.regalosparatuhogar.com\/index.php?rest_route=\/wp\/v2\/media\/3600"}],"wp:attachment":[{"href":"https:\/\/www.regalosparatuhogar.com\/index.php?rest_route=%2Fwp%2Fv2%2Fmedia&parent=3598"}],"wp:term":[{"taxonomy":"product_brand","embeddable":true,"href":"https:\/\/www.regalosparatuhogar.com\/index.php?rest_route=%2Fwp%2Fv2%2Fproduct_brand&post=3598"},{"taxonomy":"product_cat","embeddable":true,"href":"https:\/\/www.regalosparatuhogar.com\/index.php?rest_route=%2Fwp%2Fv2%2Fproduct_cat&post=3598"},{"taxonomy":"product_tag","embeddable":true,"href":"https:\/\/www.regalosparatuhogar.com\/index.php?rest_route=%2Fwp%2Fv2%2Fproduct_tag&post=3598"}],"curies":[{"name":"wp","href":"https:\/\/api.w.org\/{rel}","templated":true}]}}